ded by 0 + (30 - -3 - 3).
12
Suppose 6*w = 7*w - 3. What is the remainder when w is divided by 3?
0
Suppose -2*i = -i - 3. Suppose -i*f - 3*z + 15 = -0*f, 4*f = -z + 17. Suppose 0 = -j - f*j + 15. Calculate the remainder when j is divided by 2.
1
Let y(d) = -d**3 + 2*d + 3. Suppose 41 = 5*a - 29. Suppose 2*f + 4*x - a = 6, -2*x = -f - 2. What is the remainder when y(-2) is divided by f?
3
Suppose 5*z = z + 24. Let a be (6 + -5)/(2/z). Suppose 3*g + 2*d - 13 = 18, a*g + 3*d = 33. What is the remainder when g is divided by 5?
4
Let w = 14 + 19. Calculate the remainder when 97 is divided by w.
31
Let a(b) = -b**3 - 3*b**2 - b. Let o = 17 - 7. Calculate the remainder when o is divided by a(-3).
1
Let y = 6 + -8. Let x be -1 + y + 0 + 4. What is the remainder when 14 is divided by 6 - ((2 - x) + -3)?
6
Let g = 16 + -11. Suppose 4*k = -4*z + 24, -3*k + 5 = -k - 5*z. Suppose -k*j + 31 = -9. What is the remainder when j is divided by g?
3
Let c be 6/3 + 0/(-1). Suppose 2 = c*i - 2. Let m(p) = 3*p. Calculate the remainder when 10 is divided by m(i).
4
Suppose -5*x = 3*a - 155, -x = 4 - 5. Calculate the remainder when a is divided by 13.
11
Let o(p) = -p**3 - 4*p**2 + 5*p - 1. Let y be o(-4). Let x = 63 + y. Calculate the remainder when x is divided by 11.
9
Let u(i) be the second derivative of -i**4/12 - 7*i**3/3 + 13*i**2/2 + 7*i. What is the remainder when 38 is divided by u(-14)?
12
Let g be 9/(-3 - (3 - 7)). What is the remainder when (g/(-2))/(2/(-16)) is divided by 19?
17
Let p = 12 + 7. Calculate the remainder when 73 is divided by p.
16
Suppose 1 = -2*u + 11. Calculate the remainder when 9 is divided by u.
4
Let q be (2 - (-3)/(-1))*0. Suppose p - 1 = 0, q = -n + 2*n - 2*p - 6. Calculate the remainder when n is divided by 3.
2
What is the remainder when (-22)/33 + (-418)/(-6) is divided by 18?
15
Suppose -3*t = -5*f - 19 - 18, -4*t = -f - 38. Let b be -3*((-57)/t + 1). Suppose 0 = -3*j + b + 5. Calculate the remainder when 13 is divided by j.
6
What is the remainder when 81 is divided by (-276)/(-10) + 6/15?
25
Let i = -25 + -61. Let j = -9 - -24. Calculate the remainder when 1/(1/(i/(-2))) is divided by j.
13
Suppose -p + 0*p = -4. Let c = p + -2. What is the remainder when 2 is divided by c?
0
Let z(t) = t**3 - t**2 + 2*t + 1. Suppose 4*s - 3*s = -5*v + 44, -3*v = -5*s - 32. What is the remainder when z(3) is divided by v?
7
What is the remainder when 90/4 + 1/(-2) is divided by 16?
6
Let h(i) = -16*i - 6. What is the remainder when h(-4) is divided by 15?
13
Let n(l) = l + 6. Let x be n(-10). Let w be 2/x + (-35)/10. What is the remainder when 6 is divided by ((-3)/(-3))/((-1)/w)?
2
Let v = 100 - 99. Let q = -3 + 5. Calculate the remainder when q is divided by v.
0
Let g(z) be the third derivative of z**6/120 - z**5/15 - z**4/4 - 5*z**3/6 - 2*z**2. What is the remainder when g(6) is divided by 8?
7
Suppose 2*j = -0*j. Suppose j = 2*y - 39 + 13. Calculate the remainder when 23 is divided by y.
10
Let i(d) = -d**3 + 4*d**2 + 2*d - 3. Let w be i(4). What is the remainder when (0 - 1 - w)*-1 is divided by 3?
0
Suppose 2*q + 15 - 45 = 0. What is the remainder when 8/(-16) - 174/(-4) is divided by q?
13
Suppose 0 = -5*y + 167 + 108. Let m = 98 - y. What is the remainder when m is divided by 11?
10
Let r = -77 - -121. Suppose -n + r = n. What is the remainder when 64 is divided by n?
20
Let u = 28 - 10. Let i = u - -2. Calculate the remainder when 59 is divided by i.
19
Suppose 0*v - 3*i = 3*v - 66, -5*v + 105 = 4*i. What is the remainder when 253 is divided by v?
15
Calculate the remainder when 71 is divided by (2 - 2 - -4)*1*6.
23
Let w(f) = f**3 + 19*f**2 - 2*f + 3. Let z be w(-19). Suppose 155 = 3*k + z. Calculate the remainder when k is divided by 21.
17
Let a = -22 + 41. What is the remainder when 73 is divided by a?
16
Let l(v) = v**3 + 13*v**2 + 12*v + 7. Suppose s + 2*s - 60 = 0. What is the remainder when s is divided by l(-12)?
6
Suppose -11*q + 372 = q. Calculate the remainder when 122 is divided by q.
29
Suppose -8*j = -3*j - 265. What is the remainder when j is divided by 28?
25
Let c = -3 - -4. What is the remainder when 2/4 + (-14)/(-28) is divided by c?
0
Let h be (-20)/(-6)*18/15. Suppose -15 = -j + 2*n, 0 = -h*j - 3*n - n. What is the remainder when 9 is divided by j?
4
Calculate the remainder when 1*1*(4 - -91) is divided by 24.
23
Let d(g) = g - 1. Let v be ((-7)/1)/((-2)/2). What is the remainder when 21 is divided by d(v)?
3
Suppose 0 = -8*x + 3*x + 10. Let w(a) be the second derivative of a**4/12 - a**3/3 - 3*a**2/2 + 2*a. What is the remainder when w(4) is divided by x?
1
Let m = 32 - 21. Suppose -x = 3*z - 17, -2*z + 5*x + 11 = -z. What is the remainder when m is divided by z?
5
Let n = 0 + 4. Suppose -4*v + 17 = 2*t - 49, 5*t - 75 = -n*v. Let s = -18 + 27. What is the remainder when v is divided by s?
6
Suppose -x - 3 = -a, -4*a - x + 32 = -0*x. Calculate the remainder when a is divided by 5.
2
Suppose 2*n - 86 = -n - 4*c, 5*n = -5*c + 150. What is the remainder when 101 is divided by n?
33
Let y(u) be the third derivative of u**5/20 - 5*u**4/24 + u**3/3 - 3*u**2. Suppose -4*v = v - 80. What is the remainder when y(4) is divided by v?
14
Suppose -2*f - f + 12 = 0. Suppose 0*r + f*r - 24 = 0. Let m = -1 + r. Calculate the remainder when m is divided by 3.
2
Let l(b) = 10*b - 1 - 1 + 6 - b**2. Calculate the remainder when 72 is divided by l(7).
22
Let w be (-1)/(-4) - 1/4. Suppose w = y - 3*y. Suppose -2*m + 2 + 4 = y. Calculate the remainder when 8 is divided by m.
2
Let t be 6 + 2*9/(-6). Suppose -l - l = -3*u + 8, t*u - 16 = -2*l. What is the remainder when 4 is divided by l?
0
Let w(f) = 2*f - 5. Let t be w(6). Let d = -7 + t. Suppose 4*b + 4 - 112 = d. What is the remainder when b is divided by 15?
12
Calculate the remainder when 43 is divided by -1*(-1 + 2)*-11.
10
Let q be (2/6 - 1)*-6. Suppose b - 3*g = -q, 3*b = 2*b + g. Let i(k) = k**2 + 5*k + 2. Calculate the remainder when i(-5) is divided by b.
0
Suppose -6*a + 2*a + 64 = 0. What is the remainder when 45 is divided by a?
13
Suppose 0 = 3*g - 87 - 6. What is the remainder when g is divided by 11?
9
Suppose 2*n + 70 = 2*g - 0*g, 156 = 4*g + 4*n. Suppose 3*a - 2*a = 0. Suppose a*w = 3*w - 39. Calculate the remainder when g is divided by w.
11
Let y = -28 - -42. Calculate the remainder when 40 is divided by y.
12
Let l be (2/(-4))/((-1)/2). Calculate the remainder when 21 is divided by (l + -2)/(4/(-44)).
10
Let u = 20 + -12. Calculate the remainder when 30 is divided by u.
6
Let g(f) = 6*f**3 - 4*f + 4. What is the remainder when g(1) is divided by 5?
1
Suppose -2*y + 9 = -1. Suppose -2*p + y*b + 13 = 2*p, 3*b + 26 = 5*p. Calculate the remainder when 12 is divided by p.
5
Suppose 2*v - 8 = 10. Calculate the remainder when 52 is divided by v.
7
Calculate the remainder when 110 is divided by (-858)/(-36) + 4 - 2/(-12).
26
Let l(v) = -19*v**2 + 23*v - 3. Let c(k) = -6*k**2 + 8*k - 1. Let o(z) = 17*c(z) - 6*l(z). Calculate the remainder when 31 is divided by o(1).
9
Let p = -53 - -109. Let c = p - 36. Calculate the remainder when c is divided by (-2)/7 - 153/(-21).
6
Suppose 0 = -4*n - 4*m, 3*m = -n - m - 6. Suppose 90 = 6*d - 4*d + 4*b, -n*d + 2*b = -60. Calculate the remainder when d is divided by 18.
17
Let f be 16/(-56) - 32/(-14). Suppose -3*u + 51 = -f*u. What is the remainder when u is divided by 26?
25
Let a = 159 - 109. Suppose -3*n + 5*n - a = 0. What is the remainder when 73 is divided by n?
23
Let x(c) = -c**3 + 14*c**2 - 5*c - 16. Calculate the remainder when x(13) is divided by 10.
8
Let h(m) = 3*m**2 - 4*m - 2. Let q be h(-3). Suppose -3*z + 4*n + 6 + 7 = 0, n - q = -5*z. What is the remainder when 32 is divided by z?
4
Let c = 3 - 0. Suppose 5 = 4*n - c*n. What is the remainder when 14 is divided by n?
4
Let d(m) = m**2 - m - 3. Let c be d(6). Let i = -17 + c. Suppose 4*s + 0*s - 16 = 0. What is the remainder when i is divided by s?
2
Calculate the remainder when 1/(-2) - 378/(-12) is divided by 11.
9
Suppose 2*r + 9 = -r. Let m be (-2)/(-3) + (-88)/r. Let w = m + -7. Calculate the remainder when w is divided by 8.
7
Let v be -2*(105/(-6) - -2). Suppose 3*x - v - 8 = 0. What is the remainder when 23 is divided by x?
10
Calculate the remainder when